*u**2 + 19*u - 6. What is the remainder when p(r) is divided by 13?
10
Suppose 275 = -2*o + 4*o + 3*k, 5*o - 4*k - 722 = 0. What is the remainder when o is divided by 36?
34
Let c = 423 - 72. What is the remainder when c is divided by 59?
56
Let d(w) = w**2 - 17*w + 1. Let l be d(20). Suppose -c = -3*u - 0*c + l, -u + 2 = -4*c. Calculate the remainder when u is divided by 4.
2
Let t(s) = 38*s + 3. Let b(g) = -2*g**3 - 32*g**2 - 98*g + 6. Calculate the remainder when t(3) is divided by b(-12).
27
Suppose -2*g + 55 = -21. Calculate the remainder when g is divided by 14.
10
Let q = -7 - -4. Suppose -2*p + 4*t + 22 = 0, p - 7*t + 2*t = 26. Let j = p - q. What is the remainder when 15 is divided by j?
3
Suppose -3*m + 281*u = 278*u - 30, -2*u = -3*m + 35. Let y(o) = -o + 1. Calculate the remainder when m is divided by y(-7).
7
Let y(f) = f**3 - 7*f**2 - f - 3. Let n(k) = 2*k**3 - 15*k**2 - 3*k - 5. Let b(j) = -3*n(j) + 7*y(j). Calculate the remainder when b(5) is divided by 6.
5
Suppose -y - y + 26 = 0. Suppose 5*c + h = 77, -14 - 3 = -c - h. Suppose -4*n - 8*s = -7*s - 25, 5*s = -c. What is the remainder when y is divided by n?
6
Suppose -3*a + 8*a = -10, a = 3*d - 14. Suppose -3*w + 475 = d*u, 0*w = -4*u + w + 471. What is the remainder when u is divided by 40?
38
Let j = 208 + -191. What is the remainder when 48 is divided by j?
14
Let a be -14 + (-2 - -1)*(-3 + 5). Let h(z) = -2*z + 18. Calculate the remainder when 148 is divided by h(a).
48
Let n(l) = l**3 + 8*l**2 + 9*l + 4. Let v be (-3)/(4/8 - 0). Calculate the remainder when n(v) is divided by 8.
6
Let u = 274 + -265. Calculate the remainder when 116 is divided by u.
8
Suppose 47*d = 36*d + 264. Calculate the remainder when 498 is divided by d.
18
Let d(f) = -42*f**2 + 16*f - 1. Let q(i) = -15*i**2 - 13*i**2 + 8*i - 1 + 3*i. Let s(z) = -5*d(z) + 7*q(z). Calculate the remainder when 54 is divided by s(-1).
9
Suppose 45*f + 369 = 54*f. What is the remainder when f is divided by 24?
17
Suppose -4*p + 3*l = -0*p - 70, -2*p - 3*l = -26. Let g = -34 + p. Calculate the remainder when 20 is divided by (-4)/g - 485/(-45).
9
Let o = 26 - 12. Let i = 196 + -155. Calculate the remainder when i is divided by o.
13
Let i be ((40/(-25))/(-8))/((-2)/(-2330)). Suppose -237*a = -i*a - 360. What is the remainder when a is divided by 46?
44
Let z = 823 - 821. Let g = 12 - 3. Calculate the remainder when g is divided by z.
1
Let g = -335 - -1035. Calculate the remainder when g is divided by 27.
25
Calculate the remainder when 122 is divided by (24 - 20) + 1 + 17 - -3.
22
Let h(d) be the third derivative of d**5/60 - d**4/24 - d**3/6 + 11*d**2. What is the remainder when h(4) is divided by 5?
1
Let x = 65 + 9. Calculate the remainder when x is divided by ((-22)/4 + -2)/((-13)/26).
14
Let u = 119 + -56. What is the remainder when u is divided by 2295/144 + (-3)/(-48)?
15
Let m = -292 + 359. What is the remainder when 244 is divided by m?
43
Let q(i) = -i**3 + 8*i**2 - 5*i - 10. What is the remainder when q(6) is divided by 4?
0
Let u = -12 + 8. Let h(c) = -18*c + c - 15*c - 3. Calculate the remainder when h(u) is divided by 32.
29
Let z be (36/1)/(8/24). Suppose 5*c - z = -c. What is the remainder when c is divided by 7?
4
Let w(i) = i + 15. Suppose -2*n - 5*f + 22 + 16 = 0, 3*f = -n + 21. Suppose p - n = -0*p. What is the remainder when p is divided by w(-10)?
4
Suppose -49 = -2*m + 65. Suppose -l = 5, -2*d - 3*l = -m - 4. Suppose r = 5*r - 80. What is the remainder when d is divided by r?
18
Calculate the remainder when ((-612)/(-60))/(4/20) is divided by ((-7)/(-4))/(1/24*3).
9
Let f = 2 + 124. What is the remainder when f is divided by 10?
6
Suppose 0 = 3*s + 2*m - 205, 0*s + 272 = 4*s + 2*m. Let g(p) = 16*p - 30. Calculate the remainder when s is divided by g(3).
13
Let s = -216 + 90. Let i be (-2)/((12/21)/(5*2)). Let g = i - s. Calculate the remainder when g is divided by 23.
22
Suppose -4*r = 196 - 56. Let u = 57 - r. Calculate the remainder when u is divided by 31.
30
Let g = -47 + 43. Let r(c) = -c**3 - 2*c**2 + 7*c + 3. Calculate the remainder when 61 is divided by r(g).
5
Calculate the remainder when 200 is divided by 1 + ((-3 - -32) + -3 - 1).
18
Let r = 234 - 214. What is the remainder when 70 is divided by r?
10
What is the remainder when (-1)/((462/156 - 5) + 2) is divided by 8?
2
Suppose -4*f - o + 493 = 0, -f - 12*o = -13*o - 122. What is the remainder when f is divided by 8?
3
Let q(f) = f**3 + 14*f**2 + 8*f - 3. Calculate the remainder when q(-13) is divided by 10.
2
Calculate the remainder when 25 is divided by 18 + ((-56)/16)/((-2)/4).
0
Let s be ((-1 - -1)/(-4))/(-2). Let x be (s + -3)*(-1 - 0). Suppose x*z = 2*z + 85. What is the remainder when z is divided by 22?
19
Let s(r) = -3*r**2 + 13*r + 10. Let c be s(6). What is the remainder when 88 is divided by (-8)/c + 176/10?
16
Suppose -z = -5 - 5. Let y(l) = -3*l + 32. Let g(v) = -v**2 - 8*v + 1. Calculate the remainder when g(-7) is divided by y(z).
0
Let z = 78 + -75. Suppose 0 = 5*n + z*x - 112, -2*x = -4*n + 83 - 11. Calculate the remainder when 35 is divided by n.
15
Let f = -102 + 105. Let b = -1 - -4. Suppose 2*k + 4*p = -0*k + 24, 36 = f*k + b*p. Calculate the remainder when 58 is divided by k.
10
Let z be (-1)/2 + (-169)/(-26) - 3. Suppose -6*c = z*x - 3*c - 3, 5*x = 3*c + 45. What is the remainder when x is divided by 2?
0
Suppose 3*j = -2*o - 0*o - 30, 2*j - 5*o = -39. Let u = 14 + j. Suppose -2*d = -f - 101, 5*f - u*f = 5*d - 250. Calculate the remainder when d is divided by 27.
26
Suppose -2*d + 158 = -0*d. Let n = d - 48. Let i = 274 - 257. What is the remainder when n is divided by i?
14
Let j be (12/15)/(4/(-10)). Calculate the remainder when (-225)/3*(1 + j) is divided by 11.
9
Suppose 2*z - 2*r = 696, 3*r = -3*z + 2*r + 1036. Calculate the remainder when z is divided by 29.
27
Suppose 0 = 5*m, -6*o + 3*o - m = -27. Calculate the remainder when 40 is divided by o.
4
Let c be 270/8 - (-4)/16. Let x = c - 21. Suppose 4*d + b = 4*b + 85, 2*d = 5*b + 25. What is the remainder when d is divided by x?
12
Let z(n) = -3*n - 13. Let b be z(-6). Suppose -3*g = 2*j - 79, j + b*g - 26 - 10 = 0. What is the remainder when j is divided by 24?
17
Let a = -1 - -6. Suppose a*b - 144 = b. Let k = -15 + 28. Calculate the remainder when b is divided by k.
10
Suppose 3 = 3*b, 2*v - 2 = 5*v - 5*b. What is the remainder when 66 is divided by ((-48)/3)/(-1) + v?
15
Suppose 0 = c - 3*c + 8. Suppose 4*v - c = 4. Suppose v*h - 27 = -i + 64, -3*i - 4*h + 263 = 0. What is the remainder when i is divided by 14?
11
Let y(s) = s**2 - 20*s + 80. Calculate the remainder when 375 is divided by y(17).
27
Suppose 3*s = 1 + 8. Calculate the remainder when 4 is divided by (s - 5)*-3 - 4.
0
Let a be 7 + -4 - 2*(-1)/(-2). Suppose a*d - 182 = -36. Calculate the remainder when d is divided by 37.
36
Let p be (100/150)/(1/(1 + 2)). Suppose k - 19 = d, 0 = -p*k + k - d + 25. What is the remainder when 64 is divided by k?
20
Let c(q) = q**3 - 15*q**2 - 12*q - 11. What is the remainder when ((-22)/(-33))/(2/630) is divided by c(16)?
51
Let z be (0 - -1)/((-2)/(-8)). Suppose -4*g = -g - 5*c - 29, 20 = z*g - 2*c. What is the remainder when g is divided by 1?
0
Suppose 0 = 4*z - 5*j - 405, 9*j - 6*j + 3 = 0. Suppose -5*h + 4*h = 3*b - 14, -2*h = -3*b - 37. Calculate the remainder when z is divided by h.
15
Suppose -3*i - 2*v + 238 = -3*v, 0 = -4*i - 3*v + 326. Suppose 6*t - 4 - i = 0. Calculate the remainder when t is divided by 8.
6
Let n be 5 + (-2 + 1)*2. Let o(u) = 0*u + 2*u + n*u + 8*u**2 + u**3. What is the remainder when o(-6) is divided by 11?
9
Let f(z) = 20*z**3 - z**2 + 2*z - 3. Suppose 3 - 1 = 4*b + u, -2*u = 4. Calculate the remainder when 70 is divided by f(b).
16
Suppose -4584 = -24*g - 1512. What is the remainder when g is divided by 58?
12
Let u(g) = 14*g + 142. What is the remainder when 115 is divided by u(-6)?
57
Calculate the remainder when 27 is divided by 64/8 + -6 - 6 - -19.
12
Let r(x) = 4*x + 13. Let l = -137 + 197. Let h = -9 + l. Calculate the remainder when h is divided by r(0).
12
Let y = 26 + 45. What is the remainder when y is divided by 19?
14
What is the remainder when 939 is divided by (-2*(-3)/9)/((-58)/(-11745))?
129
Let p(d) = -d